33?
3, 19, 239, 12073
What are the prime factors of 267659166?
2, 3, 44609861
List the prime factors of 177679694.
2, 29, 3063443
List the prime factors of 10916944.
2, 19, 35911
What are the prime factors of 3400727957?
11, 17, 18185711
What are the prime factors of 281708946?
2, 3, 661, 23677
List the prime factors of 706549147.
706549147
List the prime factors of 1020018411.
3, 17, 263, 25349
What are the prime factors of 53958743?
113, 477511
List the prime factors of 1215453253.
7, 739, 234961
What are the prime factors of 83688281?
83688281
What are the prime factors of 92628973?
4049, 22877
What are the prime factors of 1364644359?
3, 13, 61, 367, 521
List the prime factors of 9450147.
3, 7, 17, 103, 257
List the prime factors of 243158301.
3, 29, 310547
List the prime factors of 102331226.
2, 19, 271, 523
What are the prime factors of 13832897?
13, 1064069
List the prime factors of 3924000320.
2, 5, 59, 307, 677
List the prime factors of 5251440071.
1669, 3146459
What are the prime factors of 962375800?
2, 5, 97, 113, 439
List the prime factors of 684738298.
2, 61, 5612609
List the prime factors of 93244641.
3, 7, 4440221
What are the prime factors of 444824436?
2, 3, 7, 5295529
List the prime factors of 8373919.
8373919
List the prime factors of 4805817154.
2, 4001, 600577
List the prime factors of 3525520514.
2, 521, 1427, 2371
List the prime factors of 184136725.
5, 71, 227, 457
List the prime factors of 506882930.
2, 5, 50688293
List the prime factors of 49549453.
107, 311, 1489
List the prime factors of 111991979.
11, 317, 32117
List the prime factors of 36219957.
3, 12073319
List the prime factors of 1739928899.
1739928899
What are the prime factors of 2116318637?
37, 827, 69163
What are the prime factors of 386747560?
2, 5, 9668689
What are the prime factors of 51907286?
2, 25953643
List the prime factors of 3208252801.
13, 17, 877, 16553
List the prime factors of 191786202.
2, 3, 10654789
What are the prime factors of 32437181?
7, 4633883
What are the prime factors of 1862304030?
2, 3, 5, 47, 440261
List the prime factors of 352389068.
2, 4421, 19927
List the prime factors of 103839799.
7, 73, 203209
What are the prime factors of 51867179?
7, 13, 47, 67, 181
List the prime factors of 44201681.
199, 389, 571
What are the prime factors of 1642901914?
2, 23, 35715259
List the prime factors of 5837902.
2, 7, 17, 19, 1291
List the prime factors of 1926070701.
3, 149, 4308883
List the prime factors of 10084143.
3, 23, 101, 1447
What are the prime factors of 959330968?
2, 37, 3240983
What are the prime factors of 42040442?
2, 101, 208121
What are the prime factors of 2236851458?
2, 16843, 66403
List the prime factors of 2558083803.
3, 11, 43, 1802737
List the prime factors of 17932340.
2, 5, 896617
List the prime factors of 62872265.
5, 12574453
List the prime factors of 145123865.
5, 31, 936283
What are the prime factors of 3407526715?
5, 241, 2827823
What are the prime factors of 155600365?
5, 31120073
What are the prime factors of 1730939004?
2, 3, 97, 165229
List the prime factors of 40691833.
7, 13, 139, 3217
List the prime factors of 238102949.
7, 41, 829627
What are the prime factors of 638076924?
2, 3, 19, 263, 3547
What are the prime factors of 83562675?
3, 5, 7, 159167
List the prime factors of 2193434341.
7, 313347763
List the prime factors of 37433767.
7, 5347681
List the prime factors of 5201478265.
5, 1229, 846457
List the prime factors of 57948281.
57948281
What are the prime factors of 132947969?
7, 11, 1726597
What are the prime factors of 1387789093?
1387789093
What are the prime factors of 4204795342?
2, 11, 19, 10059319
List the prime factors of 164857442.
2, 31, 43, 61837
List the prime factors of 102035676.
2, 3, 61, 139393
List the prime factors of 159440376.
2, 3, 29, 229081
What are the prime factors of 27116416?
2, 41, 5167
What are the prime factors of 626295879?
3, 11, 19, 30269
What are the prime factors of 69422129?
7, 9917447
List the prime factors of 1319568731.
13, 600623
What are the prime factors of 510558867?
3, 7, 13, 623393
List the prime factors of 57844763.
29, 1994647
What are the prime factors of 3586688258?
2, 317, 541, 10457
List the prime factors of 45429787.
13, 31, 139, 811
What are the prime factors of 187262503?
187262503
What are the prime factors of 509896124?
2, 127474031
List the prime factors of 455840785.
5, 59, 137, 11279
List the prime factors of 20640095.
5, 7, 589717
List the prime factors of 214286980.
2, 5, 37, 289577
List the prime factors of 19985439.
3, 37, 401, 449
What are the prime factors of 35186783?
449, 78367
What are the prime factors of 42193651?
317, 133103
What are the prime factors of 549166874?
2, 41, 6697157
List the prime factors of 299249350.
2, 5, 5984987
What are the prime factors of 2025239787?
3, 75008881
What are the prime factors of 22590604?
2, 5647651
List the prime factors of 3656694068.
2, 109, 8386913
What are the prime factors of 104353701?
3, 17, 2046151
List the prime factors of 221543640.
2, 3, 5, 205133
List the prime factors of 154743486.
2, 3, 17, 19, 79847
What are the prime factors of 314997739?
7, 29, 181, 8573
List the prime factors of 95184027.
3, 569, 18587
What are the prime factors of 3540119414?
2, 13, 173, 787043
List the prime factors of 3323663599.
23, 144507113
What are the prime factors of 343784608?
2, 17, 101, 6257
List the prime factors of 72693329.
907, 80147
What are the prime factors of 3902956707?
3, 13, 100075813
List the prime factors of 44121713.
487, 90599
List the prime factors of 969779962.
2, 191, 2538691
List the prime factors of 1431539778.
2, 3, 431, 553573
List the prime factors of 71847873.
3, 19, 420163
List the prime factors of 258471024.
2, 3, 7, 769259
List the prime factors of 56990767.
37, 137, 11243
List the prime factors of 75657605.
5, 15131521
What are the prime factors of 175735578?
2, 3, 29289263
List the prime factors of 5254772914.
2, 29, 733, 123601
List the prime factors of 14460693.
3, 13, 17, 1283
List the prime factors of 40324694.
2, 20162347
What are the prime factors of 442340876?
2, 23, 47, 102299
What are the prime factors of 28107091?
28107091
What are the prime factors of 280619631?
3, 29, 1075171
What are the prime factors of 40379228?
2, 10094807
What are the prime factors of 1886107348?
2, 471526837
List the prime factors of 204690084.
2, 3, 941, 18127
What are the prime factors of 3137732295?
3, 5, 19, 457, 24091
What are the prime factors of 7956312532?
2, 7, 43, 337, 19609
What are the prime factors of 143381001?
3, 1487, 32141
List the prime factors of 1850759180.
2, 5, 92537959
List the prime factors of 6638786089.
13, 139, 293, 12539
What are the prime factors of 4979820690?
2, 3, 5, 13, 4256257
List the prime factors of 1837998188.
2, 13, 35346119
What are the prime factors of 850757077?
850757077
What are the prime factors of 355747390?
2, 5, 35574739
What are the prime factors of 35437909?
13, 337, 8089
What are the prime factors of 112071625?
5, 896573
What are the prime factors of 70391588?
2, 41, 429217
List the prime factors of 3692274106.
2, 41, 45027733
List the prime factors of 509427013.
20903, 24371
What are the prime factors of 73592380?
2, 5, 113, 32563
List the prime factors of 24951372.
2, 3, 557, 3733
What are the prime factors of 253424835?
3, 5, 1877221
List the prime factors of 143177643.
3, 7, 457, 4973
What are the prime factors of 7849861?
953, 8237
What are the prime factors of 1827029150?
2, 5, 23, 43, 36947
What are the prime factors of 345349?
281, 1229
List the prime factors of 174380206.
2, 7, 11, 13, 87103
What are the prime factors of 251333719?
7, 13, 23, 227
List the prime factors of 1108421542.
2, 53, 233, 44879
What are the prime factors of 122950282?
2, 7, 13, 675551
What are the prime factors of 113517655?
5, 571, 39761
List the prime factors of 219662745.
3, 5, 31, 472393
What are the prime factors of 58208340?
2, 3, 5, 17, 149, 383
What are the prime factors of 183130123?
11, 541, 30773
What are the prime factors of 68568424?
2, 8571053
List the prime factors of 293928154.
2, 13, 11304929
List the prime factors of 8338477309.
31, 257, 1046627
List the prime factors of 30337857.
3, 11, 29, 10567
What are the prime factors of 4234